t is the remainder when y(n) is divided by 12?
9
Let y be 3 - 4*(-4)/(-8). Let w(h) = 26*h**2 + 1. Calculate the remainder when w(y) is divided by 11.
5
Let i(n) = -6*n - 2. Let t be -8 - 5/(25/(-30)). Suppose -2*q = -q - 7. What is the remainder when i(t) is divided by q?
3
Let f = -11 + 18. Calculate the remainder when f is divided by ((-10)/(-9))/((-1309)/(-99) + -13).
2
Calculate the remainder when 424 is divided by (1338/(-3345))/(1066/1070 - 1).
103
Let s(a) = -2*a**2 + 25*a + 1. Calculate the remainder when 134 is divided by s(10).
32
Calculate the remainder when 799 is divided by 42/63*150/4.
24
Let r(f) = 22*f**2 + 11*f - 12. Calculate the remainder when 356 is divided by r(1).
20
Suppose 38 = 2*k + 69*c - 64*c, 0 = 5*k + 3*c - 76. Calculate the remainder when 262 is divided by k.
10
Calculate the remainder when ((-315)/(-42))/((-6)/(-40)) is divided by 12.
2
Let o(q) = q**2 + q + 2. Let a(c) = -28*c**3 + 54 - c**2 + 57*c**3 - 28*c**3. What is the remainder when a(0) is divided by o(3)?
12
What is the remainder when 1659 is divided by 33/(-3) + 124/4?
19
Let a = -3 + 9. Suppose 17*v = -2*v + 2888. Let m = v - 137. Calculate the remainder when m is divided by a.
3
Let s = 965 + -247. What is the remainder when s is divided by 60?
58
Suppose 2*q - 10 = 3*q + 5*a, -3*a - 34 = -5*q. Let n(t) = -t + 16. Let r be n(14). Suppose r*v = v + 3. What is the remainder when q is divided by v?
2
Suppose 0*m - 3*m + 12 = 0. Suppose 2 = 3*l - m. What is the remainder when 6 is divided by l?
0
Calculate the remainder when 42 is divided by ((-15)/20*1)/((-12)/352).
20
Suppose -2*x + 4 = -x. Suppose -r + 4*r = -72. Let a = -9 - r. What is the remainder when a is divided by x?
3
Let g(o) = 13*o + 0*o + 14*o - 10*o. Let u = 1 + 0. What is the remainder when g(u) is divided by 9?
8
Let y(d) be the first derivative of -2*d**2 + 3*d**3 - 3*d - 1/4*d**4 - 7. What is the remainder when y(7) is divided by 23?
21
Let m(l) be the second derivative of -3*l**3/2 + 6*l**2 - 9*l + 2. What is the remainder when m(-10) is divided by 13?
11
Let k(p) = -38*p - 5. Let l(y) = -y**2 - y + 4. Let w be l(-3). What is the remainder when k(-1) is divided by (-1)/2 + (-35)/w?
16
Let l(x) = -x**3 - 6*x**2 - 5*x + 11. Let g(n) = -n**2 - 10*n - 5. Let m = 22 - 32. Let w be g(m). Calculate the remainder when 42 is divided by l(w).
9
Let h(p) = p**2 + 2*p - 3. What is the remainder when (-6)/2 + 92/(-1472) + (-1137)/(-16) is divided by h(-5)?
8
Let h = -385 + 413. What is the remainder when 96 is divided by h?
12
Let f = 34 + -28. Suppose -f + 15 = s. Calculate the remainder when 26 is divided by s.
8
Suppose 0*c - 4*c - 5*k = 137, 2*k - 46 = 2*c. Let o(p) = 8*p**3 + 2*p**2 + 3*p - 4. What is the remainder when o(2) is divided by ((-19)/(-4))/((-7)/c)?
17
Let b(a) = -2*a**3 - 46*a**2 - 3*a - 44. Let z(j) = -37*j - 1. Let h = -6 - -4. What is the remainder when z(h) is divided by b(-23)?
23
Suppose -4*t + 368 = x, -2*t - 2*x = -7*t + 473. What is the remainder when t is divided by 49?
44
Let z = -240 - -478. Calculate the remainder when z is divided by 24.
22
Let b(i) = -i + 22. Suppose 5*a + 3 = k, -2*k + 2 = 3*a - 4. Suppose a*w + 116 = 4*w. Calculate the remainder when w is divided by b(12).
9
Let s be 1*-1*171/(-9). Let z be (-1)/1 + (s - 4). Let q(m) = -m**3 + 14*m**2 + 4*m - 13. What is the remainder when q(z) is divided by 9?
7
Suppose 0 = 3*j - 6*j + 12, 65 = 3*b - 4*j. Suppose 9*p = 13*p - 60. Calculate the remainder when b is divided by p.
12
Suppose 0 = -g - 5 + 3. Calculate the remainder when -29*(g - (4 + (-1 - 2))) is divided by 45.
42
Let p = -16 - -36. Suppose -3*a + p = a. Calculate the remainder when 15 is divided by a.
0
Suppose -58 = 2*h - 4*s, -4*s - 12 + 4 = 0. Let o be 1 - 4 - 12 - (2 + -2). Let f = o - h. What is the remainder when f is divided by 5?
3
Suppose -55 = -j - 11. What is the remainder when j is divided by (5/(-10) - -2)*10?
14
Calculate the remainder when 275 is divided by ((-62)/3)/((-6)/9).
27
Suppose -2*h = -h + 18. Let d = h - -79. What is the remainder when d is divided by 16?
13
Let x = -44 + 98. Suppose 5*w - 92 = 5*r - 4*r, 5*r = -3*w + 72. Calculate the remainder when x is divided by w.
16
Suppose 4*k = 0, -15 = -3*r + k + 21. Calculate the remainder when 17 is divided by r.
5
Let s(u) = u**3 - 8*u**2 - 6*u - 12. Suppose -5*v = 4*w + 4 - 61, 2*v = -2*w + 24. Let m be s(v). Calculate the remainder when 546/m - 3/(-5) is divided by 20.
17
Suppose 4*p - 770 = 3*q - 126, -4*q = 0. Calculate the remainder when p is divided by 27.
26
Let n(z) = 61*z**3 + 6*z**2 - 3*z - 4. Calculate the remainder when n(1) is divided by 27.
6
Let c(s) = -s**3 - 10*s**2 + 19*s - 16. Calculate the remainder when 132 is divided by c(-12).
0
Let i(o) = -7*o - 17. What is the remainder when 31 is divided by i(-4)?
9
What is the remainder when (14 - 4) + 408/2 is divided by 23?
7
Calculate the remainder when 134 is divided by -2*(-1)/(-4) + 6832/224.
14
Suppose 45 = -6*k + k + 4*g, k = 3*g - 20. Let a(b) = 2*b**2 + b - 24. What is the remainder when 83 is divided by a(k)?
20
Suppose -v + 2*w = 2, -2*v - 4 = 2*v - 4*w. Suppose -6*r + 7*r - 2 = v. Calculate the remainder when 7 is divided by 1*(r - (-4 + 3)).
1
Let k(d) = d**2 - 4*d - 1. Let n be k(4). Let w(g) be the second derivative of -g**3/6 - 4*g. What is the remainder when w(n) is divided by 1?
0
Let n = -1390 - -1445. Calculate the remainder when n is divided by (-1 - -1) + 2 + 17.
17
Let c(h) = h + 26. Let n be (-24)/(-54)*24*3/(-2). What is the remainder when 96 is divided by c(n)?
6
Let t(v) be the first derivative of -v**3/3 + 9*v**2/2 + 6*v + 2. Calculate the remainder when 2/(-2)*-6*35/10 is divided by t(9).
3
Suppose 23*a - 22*a - 5*x = 23, 4*a = 3*x + 160. Suppose 0 = 4*g + 1 - 9. Suppose 3*t = g*t + 11. What is the remainder when a is divided by t?
10
Suppose 0 = -4*i - 27 + 139. Let w = 42 - i. What is the remainder when 50 is divided by w?
8
Let f(z) be the second derivative of z**4/12 + 2*z**3/3 - 2*z**2 + 21*z. Let l be 1/(1*(-3)/21). What is the remainder when 28 is divided by f(l)?
11
Suppose 3*a + s = 116, -a - 130*s + 36 = -129*s. Let h be (-20)/(-6)*-3*1. Let c = a + h. Calculate the remainder when 118 is divided by c.
28
Suppose -b = 2*d - 22, 0 = -5*d + 1 + 19. Suppose 6*l - b = 4. Let y(p) = -p**3 - 3*p**2 - 3*p - 1. What is the remainder when l is divided by y(-2)?
0
Suppose -4*n + 5*t + 113 = 0, 3*n + 4*t - 9 - 37 = 0. Calculate the remainder when (28/21)/((96/(-567))/(-8)) is divided by n.
19
Suppose 6*r - 5*r - 2*i = 8, 3*r - 6 = -3*i. Suppose b + 0*b - 200 = -5*n, r*b - 21 = -n. Calculate the remainder when n is divided by 14.
13
Let s(g) = -g**2 + 6*g - 1. Let d be s(5). Suppose d*v - 20 = -3*z, v - 2 = -2*z + 4*v. Suppose 0 = u + z*u - 45. What is the remainder when 15 is divided by u?
6
Let q = -126 + 141. Suppose 5*o - 11 = -5*b - 1, 0 = -4*b - o + 20. Calculate the remainder when q is divided by b.
3
Suppose -l - 4*b = -62, -4*l - 2*b + 354 = 64. Let c = -48 + l. Let q(m) = m**2 - 11*m + 2. Calculate the remainder when c is divided by q(12).
12
Suppose 0 = 3*q + q + 4, -5*k + q = -26. Suppose -k*a = -4*a - 4. Calculate the remainder when 22 is divided by (a/(-6))/((-1)/12).
6
Suppose -v - 229 = -3*v - 3*q, -3*v + 331 = 2*q. Calculate the remainder when v is divided by 22.
19
Let j = 50 - 40. Suppose -j = -5*g + 45. Suppose 2*w = -3*w + 30. Calculate the remainder when g is divided by w.
5
Let t(b) = -2*b**2 - 47*b - 35. Calculate the remainder when 96 is divided by t(-22).
3
Calculate the remainder when 4 is divided by 1/(2 + (-2 - -1)).
0
Suppose 2*w + 2*k - 275 = w, -10 = -2*k. What is the remainder when w is divided by 14?
13
Let k = -71 - -229. Let u = k + -55. What is the remainder when u is divided by 28?
19
Let t = -105 - -1374. What is the remainder when t is divided by 8?
5
Let z = 68 - 61. What is the remainder when 27 is divided by z?
6
Suppose 48 - 59 = -v. Calculate the remainder when v is divided by 5.
1
Suppose -59*f + 358 + 2061 = 0. Let r(k) = 2*k**3 - 3*k**2 + 3*k - 1. Calculate the remainder when f is divided by r(2).
5
Suppose 5*c - 4*l - 6261 = 0, 5*c - 72*l - 6267 = -74*l. What is the remainder when c is divided by 114?
113
Let o(a) = -23*a - 16. Calculate 